 -2*i + 27. Calculate r(9).
9
Let c(v) = v**2 + 7*v + 12. Calculate c(-9).
30
Let n(h) = 16*h**2 - 1. Calculate n(1).
15
Let z(b) = -b**3 - 22*b**2 - b - 18. Calculate z(-22).
4
Let k(t) = t**2 - 21*t + 15. Calculate k(19).
-23
Let w(u) = -10*u + 1. What is w(-1)?
11
Let a(h) = -h**3 - 8*h**2 - 9*h - 10. Determine a(-6).
-28
Let p(g) = -3*g**2 - 39*g + 12. Determine p(-13).
12
Let r(w) = -w**3 + 47*w**2 + 152*w - 90. Determine r(50).
10
Let u(m) = -m**2 + 9*m + 15. Determine u(13).
-37
Let l(j) = 3*j + 16. Give l(5).
31
Let d(u) = -u**3 + 28*u**2 - 28*u + 16. Give d(27).
-11
Let h(q) = -q**2 + 6*q + 25. What is h(8)?
9
Let t(o) = -o**2 + 9*o + 7. Determine t(4).
27
Let a(s) = -2*s**2 - 2*s. What is a(-2)?
-4
Let q(p) = 174*p - 507. Determine q(3).
15
Let k(y) = y**3 + 5*y**2 - 3*y + 11. Give k(-5).
26
Let k(t) = -t**3 - 9*t**2 + 68*t - 31. Calculate k(-14).
-3
Let d(c) = c + 7. Calculate d(5).
12
Let n(d) = 8*d**2 - 5*d + 4. Calculate n(-3).
91
Let n(r) = -2*r**2 - 5*r - 24. Calculate n(-5).
-49
Let s(w) = -w**3 - 16*w**2 - w - 19. Determine s(-16).
-3
Let z(b) = -3*b**3 - b**2 - b + 1. Give z(-2).
23
Let i(t) = -4*t + 25. What is i(0)?
25
Let g(t) = 5*t + 5. Calculate g(4).
25
Let b(q) = q**3 - 12*q**2 - 9*q - 13. Calculate b(13).
39
Let r(h) = -h**3 + 7*h**2 + 3*h - 9. Determine r(8).
-49
Let w(v) = -5*v**2 - 2*v + 7. Calculate w(-3).
-32
Let t(y) = y**3 + 7*y**2 + 7*y - 3. What is t(-6)?
-9
Let a(i) = i + 7. Give a(0).
7
Let z(x) = -18*x**2 - 1190*x - 138. What is z(-66)?
-6
Let z(h) = 10*h**2 - h + 2. Determine z(-1).
13
Let m(x) = 9*x + 87. Calculate m(-13).
-30
Let j(o) = -o**2 - 3*o + 19. Calculate j(0).
19
Let a(d) = -d**2 + 3*d - 2. What is a(3)?
-2
Let f(q) = 51*q**3 - q**2 + 1. What is f(1)?
51
Let q(o) = o**2 + 9*o + 9. Determine q(-4).
-11
Let z(b) = 3*b**2 + 6*b - 65. Give z(-6).
7
Let u(n) = n**3 - 8*n**2 - 19*n - 4. Determine u(10).
6
Let g(i) = -i**2 - 18*i - 41. Give g(-15).
4
Let p(u) = -u**2 - 10*u - 3. Determine p(-13).
-42
Let o(p) = p**3 + 3*p**2 - 3. Determine o(-2).
1
Let h(f) = -f**2 + 15*f + 115. What is h(21)?
-11
Let b(k) = 3*k - 2. What is b(7)?
19
Let p(y) = -y**3 + y + 8. Give p(-2).
14
Let d(a) = 14*a**2 - 517*a - 39. What is d(37)?
-2
Let w(u) = 2*u**2 + 39*u + 15. What is w(-19)?
-4
Let a(j) = -j**2 + 16*j - 30. Calculate a(11).
25
Let u(s) = s**2 - 9*s + 18. What is u(7)?
4
Let o(n) = 7*n - 9. What is o(6)?
33
Let t(a) = 2*a**2 - 70*a + 61. Give t(34).
-7
Let j(p) = 21*p + 17. Calculate j(-5).
-88
Let z(c) = -c**2 - 24*c + 5. Determine z(-24).
5
Let k(g) = -g**2 - 14*g + 62. What is k(4)?
-10
Let c(i) = -i**3 - 29*i**2 - 30*i - 51. Give c(-28).
5
Let f(p) = -p**3 - 2*p**2 + 12*p - 10. Give f(-6).
62
Let c(z) = z**3 + 11*z**2 - 11*z + 3. What is c(-12)?
-9
Let b(w) = -2*w**2 + 30*w - 14. Calculate b(14).
14
Let s(f) = -11*f + 3. Determine s(4).
-41
Let h(m) = -m**3 + 5*m**2 + 10*m - 21. Calculate h(6).
3
Let n(w) = 7*w + 87. Determine n(-13).
-4
Let p(z) = -z**3 - 6*z**2 + 7*z - 10. What is p(-7)?
-10
Let x(d) = d**2 - 14*d + 16. What is x(14)?
16
Let a(i) = -3*i + 43. Calculate a(17).
-8
Let b(r) = 3*r**2 - 2*r - 9. Determine b(4).
31
Let i(q) = -q**3 - 2. Calculate i(0).
-2
Let a(i) = i**2 - 10*i - 87. Give a(14).
-31
Let a(p) = -p**3 - 22*p**2 + 23*p + 4. Determine a(-23).
4
Let w(u) = u + 9. What is w(-6)?
3
Let x(g) = -g**2 - 17*g - 56. Calculate x(-5).
4
Let u(r) = -r**3 - 10*r**2 + 17*r + 27. Give u(-11).
-39
Let g(o) = o**3 - 11*o**2 + 11*o - 2. Give g(10).
8
Let m(k) = -k**2 + 6*k - 13. What is m(5)?
-8
Let f(s) = -4*s**3 - 3*s**2 + 3*s. Calculate f(2).
-38
Let t(n) = -n**2 + 61*n - 834. Give t(21).
6
Let t(p) = p**3 + 24*p**2 + 34*p + 241. Calculate t(-23).
-12
Let u(h) = h**3 - 9*h**2 + 2. Determine u(9).
2
Let c(m) = 11*m**2 + 2*m + 1. Determine c(-1).
10
Let g(r) = r + 19. Determine g(-45).
-26
Let b(i) = 5*i - 8. Determine b(-8).
-48
Let w(s) = 2*s**3 - 5*s**2 + 2*s + 2. Calculate w(3).
17
Let k(l) = -l**2 + 7*l - 1. Determine k(8).
-9
Let n(j) = 3*j + 4. What is n(2)?
10
Let y(m) = 4*m + 39. Give y(-8).
7
Let w(u) = 2*u + 7. Give w(5).
17
Let s(f) = -f**3 + 14*f**2 - 2*f - 24. Calculate s(14).
-52
Let i(w) = -w**3 - 11*w**2 + w + 14. Determine i(-11).
3
Let m(q) = 8*q + 26. Calculate m(-9).
-46
Let j(h) = -36*h - 503. Give j(-14).
1
Let b(v) = v**2 - 7*v - 6. What is b(8)?
2
Let j(h) = h**2 - 7*h - 2. Determine j(6).
-8
Let h(b) = b**2 - 3*b. Calculate h(3).
0
Let c(t) = t**3 + t**2 + t + 19. Give c(0).
19
Let p(d) = 3*d**3 - 3*d**2 + 5*d - 5. What is p(2)?
17
Let l(w) = -4*w - 15. Determine l(-2).
-7
Let w(p) = p**3 - 24*p**2 - 2*p + 54. Calculate w(24).
6
Let m(y) = -y + 10. Give m(17).
-7
Let w(g) = -18*g + 2. Determine w(2).
-34
Let b(i) = -i**2 - 8*i. Calculate b(-10).
-20
Let t(r) = r**3 - 6*r - 7. What is t(-4)?
-47
Let w(q) = q**3 + 8*q**2 + 8*q - 1. What is w(-7)?
-8
Let c(q) = q**3 - 5*q**2 - 5*q + 4. What is c(6)?
10
Let k(p) = -p**3 - 5*p**2 + 23*p + 1. Determine k(-8).
9
Let x(r) = 2*r - 12. Give x(8).
4
Let m(h) = h**3 - 7*h**2 + 6*h - 3. What is m(5)?
-23
Let v(b) = b**2 - 10*b - 7. What is v(11)?
4
Let o(x) = -x**2 + 3*x + 56. Calculate o(-6).
2
Let h(m) = -m**3 + 3*m**2 - 5*m - 1. Give h(3).
-16
Let o(j) = -6*j + 54. Determine o(11).
-12
Let z(v) = -v**2 - 10*v + 9. Give z(-11).
-2
Let k(p) = 8*p - 3. Calculate k(12).
93
Let t(j) = -j**2 - j - 3. Determine t(-4).
-15
Let f(t) = 2*t**3 - 57*t**2 - 31*t + 63. Give f(29).
5
Let a(p) = -4*p + 20. What is a(4)?
4
Let z(n) = 11*n + 63. Determine z(-6).
-3
Let l(r) = -9*r + 59. Calculate l(7).
-4
Let p(c) = 135*c - 1354. What is p(10)?
-4
Let i(m) = -m**3 + 7*m**2 + 34*m + 8. Calculate i(11).
-102
Let p(v) = -54*v - 322. Give p(-6).
2
Let v(g) = -g**2 + g + 10. Determine v(8).
-46
Let y(l) = 13*l - 94. What is y(10)?
36
Let w(k) = k**3 - 13*k**2 - k + 5. What is w(13)?
-8
Let a(r) = r - 20. What is a(17)?
-3
Let s(u) = -u**2 - 14*u - 13. Give s(-14).
-13
Let p(o) = -41*o + 301. Determine p(8).
-27
Let b(t) = -t**2 + 60*t + 320. Determine b(65).
-5
Let h(v) = 7*v + 15. Give h(-5).
-20
Let k(r) = r**3 - 13*r**2 - 13*r - 20. Give k(14).
-6
Let t(b) = b**3 + 39*b**2 + 71*b - 118. Determine t(-37).
-7
Let u(j) = j**3 - 5*j**2 - 39*j + 30. Determine u(9).
3
Let r(l) = l**2 - 17*l - 37. Calculate r(18).
-19
Let p(g) = 9*g - 132. What is p(16)?
12
Let l(h) = -h**3 + 4*h**2 - 4*h + 2. What is l(2)?
2
Let n(g) = g**2 - 18*g - 7. Give n(19).
12
Let p(r) = r**3 - 9*r**2 + 2*r - 33. Determine p(9).
-15
Let l(i) = i**3 - 6*i**2 + 8*i - 6. What is l(5)?
9
Let h(y) = 15*y + 267. Determine h(-18).
-3
Let b(c) = c**2 - 4*c + 5. Calculate b(5).
10
Let k(n) = -5*n - 12. Give k(9).
-57
Let g(k) = k**3 + 15*k**2 + 25*k - 21. Determine g(-13).
-8
Let f(r) = 2*r**3 - 19*r**2 - 11*r + 9. Calculate f(10).
-1
Let g(j) = -20*j**3 + j**2 - 2*j - 3. What is g(-2)?
165
Let n(o) = -o**3 + 13*o**2 - 15*o + 30. Determine n(12).
-6
Let f(t) = t**2 - 13*t - 15. Give f(15).
15
Let y(s) = -s**2 - s + 5. Calculate y(-8).
-51
Let l(g) = g**2 + 4*g - 8. Determine l(5).
37
Let v(c) = c**3 - 13*c**2 + c - 9. Give v(13).
4
Let z(t) = -t**3 + 6*t**2 - 5*t + 1. Determine z(5).
1
Let t(c) = -10*c + 36. Give t(3).
6
Let d(o) = -o**3 - 8*o**2 - 5*o - 24. Determine d(-8).
16
Let u(t) = -t**2 - 47*t + 7. Give u(0).
7
Let o(m) = -4*m + 15. Determine o(7).
-13
Let x(h) = h**3 + h**2 - 4*h + 3. What is x(2)?
7
Let v(o) = -o + 2. Calculate v(4).
-2
Let k(u) = -u**3 - 7*u**2 + 2*u + 16. Determine k(-5).
-44
Let t(n) = n**2 - 6*n - 7. What is t(5)?
-12
Let u(t) = 13*t - 9. Determine u(2).
17
Let w(n) = -4*n**2 - 7*n + 4. What is w(-3)?
-11
Let w(y) = 5*y + 48. Give w(-8).
8
Let r(d) = -d**2 + 13*d - 14. Calculate r(8).
26
Let h(y) = 18*y - 13. Calculate h(3).
41
Let y(i) = i**3 - 2*i**2 - 5*i + 4. What is y(3)?
-2
Let p(x) = -3*x - 5. Calculate p(8).
-29
Let z(b) = -b**3 + 12*b**2 + 27*b + 19. Calculate z(14).
5
Let p(g) = 3*g + 63. What is p(-21)?
0
Let y(q) = -q**3 - 8*q**2 - 12*q - 38. What is y(-6)?
-38
Let z(x) = 8*x - 1. Calculate z(4).
31
Let d(s) = -3*s**2 - 46*s - 11. What is d(-15)?
4
Let g(d) = -2*d**3 + d**2 + d + 38. What is g(0)?
38
Let x(r) = -r**3 - 12*r**2 + 14*r + 9. What is x(-13)?
-4
Let f(w) = -9*w + 4. Calculate f(-10).
94
Let u(v) = -v**3 + 23*v**2 + 51*v - 47. D